 u(-8)?
7
Suppose 4*h = 116 + 184. Let w = h + -40. What is the tens digit of (-1 - 2/(-4))/(w/(-1750))?
2
Suppose -664 = -3*v + 5*g, -v - 39 + 257 = -5*g. Let r = v + 34. What is the hundreds digit of r?
2
Suppose 0 = 5*n - 3*y - 502, 3*y - 286 = -3*n + y. What is the tens digit of 28/n - (-19)/7 - -1011?
1
Suppose 0 = -2*g - w + 5124, -23775 - 1849 = -10*g - 3*w. What is the units digit of g?
3
Let m be 3/(3 - (-3)/(-2)) - -9. Suppose 7 - m = -c. What is the units digit of 50 - (4 - 16)/c?
3
Let c = -35 + -13. Suppose 3*t + i - 18 = 0, 0 = 10*t - 8*t + 4*i - 2. What is the units digit of 4 - t - 12/(-3) - c?
9
Let m = 146 - -302. Suppose -41*r = -33*r - m. What is the units digit of r?
6
Let t(p) be the third derivative of -23*p**4/24 - 275*p**3/6 + p**2 - 53. What is the hundreds digit of t(-37)?
5
Suppose -2*f + 1862 = -j, -3*f = -25*j + 20*j - 9317. Let p = j + 2634. What is the units digit of p?
0
Let q(h) = 6*h**2 + h + 4. Let m be q(3). Suppose -m*p + 60*p = -322. What is the units digit of p?
2
Let w(d) = 34*d - 1694. Let x be w(0). Let l = x - -3393. What is the thousands digit of l?
1
Let c be ((-24)/16)/(1/(-2)). Let b be 50*(-5)/(-20)*1904/20. What is the hundreds digit of b/5 + (-15)/c?
2
Suppose -822313 - 697383 = -137*b - 463974. What is the thousands digit of b?
7
Let f be ((-22)/2 - 13/(-13)) + 5. Let j(k) = -k**3 - k**2 - 6*k - 10. What is the hundreds digit of j(f)?
1
Suppose -22*b + 17*b = 595. What is the tens digit of (-2)/(-7) - 33405/b?
8
Let l = -4437 - -8913. What is the tens digit of l?
7
Let b be ((-5325)/12)/(1/(-4)). Let c = b - 868. What is the units digit of c?
7
Suppose -5*b + 37055 = 2*j, 24*b - 26*b + j + 14822 = 0. What is the hundreds digit of b?
4
Let r = 13632 + 6987. What is the tens digit of r?
1
What is the units digit of 3598 - (2 + 0 + -7)?
3
Let a(o) = 2*o + 47. Let c be a(-20). Let g be c/(-21) - (-40)/(-6). What is the hundreds digit of ((-112)/(-12))/g*-78?
1
Suppose -q = -s + 5*s - 909, -3*s - q + 682 = 0. Suppose 4*w - 429 - s = 0. What is the units digit of w?
4
Let c be (-4)/3*1/((-4)/24). Suppose 3*f = -5*f + c. What is the units digit of -2 + 1 - 740/(-6 + f)?
7
Let p(q) = -3*q**2 - 2*q + 34. Let s be p(-16). Let o = s + 1061. What is the units digit of o?
9
Suppose 5*y - p = -5*p + 16648, 0 = 5*y - 3*p - 16669. Suppose 8*j - y = j. What is the hundreds digit of j?
4
Suppose -m + 162 = 39. Suppose 10*f + 365 = 15*f. Let q = m - f. What is the tens digit of q?
5
Suppose 2*x - 3050 - 758 = 0. Let m = -1067 + x. What is the hundreds digit of m?
8
Let y be 392/12*(12/21 + 2). Let s = 447 + y. What is the units digit of s?
1
Let q = 15 + -22. Let w(k) = 29*k**2 + 13*k + 114. What is the hundreds digit of w(q)?
4
Suppose -17*b - 451095 = -32*b. What is the thousands digit of b?
0
Let v(y) = 731*y + 316. What is the tens digit of v(3)?
0
Let m(v) = 3*v**2 + 2*v + 2. Let r be m(0). Suppose -3*d + h = -1459, 978 = d + d + r*h. What is the tens digit of d?
8
Let v(q) = -49*q - 59. Let t be v(-12). What is the units digit of t - (-5 - (-8 + 7))?
3
Let v be (-3055)/(-5) - -4 - -3. Suppose 234 = 12*x - v. What is the tens digit of x?
7
Suppose 0 = -57*m + 61*m + 752. Let y = 275 - m. What is the hundreds digit of y?
4
Suppose 971711 = 113*q - 41*q - 783577. What is the ten thousands digit of q?
2
Let f = -9637 - -15099. What is the hundreds digit of f?
4
Let j be (-5)/10 + 3239/2 + -3. What is the units digit of j/(-24)*(-9)/2?
3
Let n be 20/(-8)*-2*361. Suppose -49*o = -68*o + n. What is the units digit of o?
5
Let w(b) be the third derivative of -b**4/8 + 68*b**3/3 - b**2. Suppose 0 = -46*n + 105*n - 85*n. What is the tens digit of w(n)?
3
Let g be 16/12*30/8. Suppose -2*u + 4*u - g*z - 647 = 0, 0 = -4*u + 2*z + 1270. What is the hundreds digit of u?
3
Suppose 0 = 102*z - 98*z - 31580. What is the thousands digit of z?
7
Suppose 259 + 1 = 5*z. Let m = -23 + z. Suppose m = q - 21. What is the tens digit of q?
5
Suppose -2*b = 3*p - 51299, -197*p + 198*p + 51295 = 2*b. What is the ten thousands digit of b?
2
Let h = 14194 + -7887. What is the units digit of h?
7
Let c(w) = -85*w - 39. Let p(v) = -82*v - 39. Let x(y) = -5*c(y) + 6*p(y). What is the hundreds digit of x(-10)?
6
Suppose -2*f - 1166 + 5268 = 0. Suppose h = -5*a + 1088, 2*h - 69 - f = 4*a. What is the units digit of h?
8
Suppose 4*o - 46 = -4*b + 86, b - 23 = 4*o. Let z = b - -188. Suppose z = -37*d + 40*d. What is the units digit of d?
3
Suppose 3*c = -1067 + 4238. Let h = -632 + c. What is the hundreds digit of h?
4
What is the tens digit of (1345410/24)/9 - ((-21)/(-12) + -2)?
2
Let i = -795 - -765. What is the tens digit of 4 - 1 - (i/1 - 1)?
3
Suppose -3*b + 175 - 91 = -m, 2*b - 43 = 5*m. Let d(k) be the first derivative of k**4/4 - 10*k**3 + 31*k**2/2 + 43*k - 2. What is the hundreds digit of d(b)?
1
Suppose -2*r + 49 + 87 = 0. Let b = -67 + r. Let w(n) = 143*n**2 + n. What is the tens digit of w(b)?
4
Suppose 0 = 3*x - 4*x + o + 7, 2*x = -o - 1. Let r(q) = 30*q**3 - q**2 + q + 2. What is the tens digit of r(x)?
4
Let p be 1 - 0 - (2/(-2) + -66). Let h = 938 + p. What is the units digit of h?
6
Let k be (-15)/(-25) - (-2 + 7/(-5)). Suppose -4 = -2*s, -k*r + 4*s + 0*s + 2368 = 0. What is the units digit of r?
4
Let x(y) = 2*y - 6. Let b be x(4). Let k be b/10 - (-10728)/(-90). What is the units digit of (-6 + -3)/(-3) - k?
2
What is the thousands digit of (2/4 + -6 + 25)/(36/24144)?
3
Suppose -z + 4695 = 4*b, b = 4*z + 2*b - 18780. What is the units digit of z?
5
Let n(s) = -11414*s**3 + 3*s**2 + 2*s - 2. What is the hundreds digit of n(-1)?
4
Let q = 7251 - -11046. What is the units digit of q?
7
Let c(p) = p**2 + 45*p + 75. Let o be c(-15). What is the hundreds digit of (4 + o/(-2))/((-4)/(-8))?
3
Suppose 10863 = 3*n - 2*t, t + 18098 = 5*n - 0*n. What is the hundreds digit of n?
6
Suppose -28*x = -24*x - 4*k - 8, -3*x + 5*k = -6. Suppose 0 = g + x*w - 564, -2*g + 2204 = 2*g - 5*w. What is the hundreds digit of g?
5
Let v be 617 - (-25)/20*-4. Let n = v + -364. What is the hundreds digit of n?
2
Let z = 1013 + 3567. Suppose -154*o = -144*o - z. What is the tens digit of o?
5
Let c(j) = 17*j**2 - 19*j - 105. What is the thousands digit of c(-9)?
1
Let t = 4057 + -158. Suppose -3*y - 5*s = -2888, -6*s = -4*y - 3*s + t. What is the hundreds digit of y?
9
Let j(x) = 3*x**2 - 17*x + 18. Let c(v) = -13*v**2 + 69*v - 73. Let f(l) = 2*c(l) + 9*j(l). Let n be f(-7). Let k = 288 - n. What is the hundreds digit of k?
1
Suppose -3*r = 177753 - 395922. What is the thousands digit of r?
2
Let u = 12063 - -15838. What is the hundreds digit of u?
9
Suppose -4*b = 2*b + 18. Let k be 6/(-72)*b - (-670)/8. Let j = k + 73. What is the units digit of j?
7
Suppose -4719 = -2*n - n - 3*v, 7849 = 5*n - 3*v. Suppose 5*a + 0*a - 2*k = n, -2*a + 624 = -3*k. What is the tens digit of a?
1
Let y = 128 + -128. Suppose 5*s - 341 - 259 = y. What is the units digit of s?
0
Suppose -12*x = -18 - 102. What is the tens digit of (-18676)/(-115) - 4/x?
6
Suppose 2*h + 8 = 0, 24 = -5*m - 5*h + 4. Suppose 4*l - 2*l + 3*t = 23, 4*l + t - 41 = m. What is the tens digit of 384/10 + (-24)/l + 2?
3
Let f(c) = 5*c + 341. Let j = -59 - -59. What is the units digit of f(j)?
1
Let y(j) = 28*j**2 - 13*j - 16. Let c(i) = 19*i**2 - 9*i - 11. Let o(m) = 7*c(m) - 5*y(m). Let n be o(3). What is the units digit of 1 - (2 + n + -1)?
4
Let j be (-16)/108*-12 - (-8)/36. What is the hundreds digit of (j/5)/((-122)/(-252235))?
8
Let w = 2156 + 923. What is the hundreds digit of w?
0
Let w = 11 - 8. Suppose 10 = 2*f - w*q, -4*f = -q - 3 - 7. Suppose -f*m + 100 = 2*y, 1 + 64 = y - 4*m. What is the tens digit of y?
5
Suppose -281*s + 3429 = -284*s. Let c = -343 - s. What is the hundreds digit of c?
8
Suppose 5*a - 3*s - 35 = 0, -3*s - s = -3*a + 32. Suppose k + 978 = 3*k - 2*l, -l - a = 0. What is the units digit of k?
5
Let v(q) = 1 + 2*q - 4*q**3 + 2*q**2 - 4 - 3 - 5*q. Let z be v(-3). Suppose -5*b + z = -126. What is the tens digit of b?
5
Let v = 6673 - -15980. What is the units digit of v?
3
Let j(r) = 31*r - 7. Let f be ((-30)/4)/(1/2). Let b = -13 - f. What is the tens digit of j(b)?
5
Let c be 1/(4/(-10) - 12947/(-32230)). What is the tens digit of 3 - ((-6)/2 - c)?
9
Suppose 5*f = 5*b